{"id":7327,"date":"2021-08-04T15:28:00","date_gmt":"2021-08-04T13:28:00","guid":{"rendered":"https:\/\/www.juliendemeyere.fr\/?post_type=project&#038;p=7327"},"modified":"2025-11-26T10:02:44","modified_gmt":"2025-11-26T09:02:44","slug":"monts-et-vallees-de-meuse","status":"publish","type":"project","link":"https:\/\/www.juliendemeyere.fr\/en\/project\/monts-et-vallees-de-meuse\/","title":{"rendered":"Monts et Vall\u00e9es de Meuse"},"content":{"rendered":"<div class=\"et_pb_section_0 et_pb_section et_section_regular et_block_section preset--module--divi-section--default\">\n<div class=\"et_pb_row_0 et_pb_row et_flex_row preset--module--divi-row--default\">\n<div class=\"et_pb_column_0 et_pb_column et-last-child et_flex_column et_pb_css_mix_blend_mode_passthrough et_flex_column_24_24 et_flex_column_24_24_tablet et_flex_column_24_24_phone preset--module--divi-column--default\">\n<div class=\"et_pb_text_0 et_pb_text et_pb_bg_layout_light et_pb_module et_flex_module preset--module--divi-text--9dt9unhizw\"><div class=\"et_pb_text_inner\"><h2>Monts &amp; Vall\u00e9es de Meuse : Authentique par nature<\/h2>\n<\/div><\/div>\n\n<div class=\"et_pb_text_1 et_pb_text et_pb_bg_layout_light et_pb_module et_flex_module preset--module--divi-text--9dt9unhizw\"><div class=\"et_pb_text_inner\"><p>Suite \u00e0 la fusion entre le territoire du Pays de Stenay et celui du Val Dunois, l\u2019office de tourisme se devait de faire \u00e9voluer son image. Une nouvelle strat\u00e9gie de communication m\u00fbrement r\u00e9fl\u00e9chie, et une nouvelle appellation,<span>\u00a0<\/span><a href=\"https:\/\/montsetvalleesdemeuse.com\/\" target=\"_blank\" rel=\"noopener\"><strong>Monts et Vall\u00e9es de Meuse<\/strong><\/a>, ont \u00e9t\u00e9 les fondations de cette identit\u00e9 visuelle. Cette vision assum\u00e9e est renforc\u00e9e avec un slogan qui se veut \u00e9vocateur : \u00ab Authentique par nature \u00bb.<\/p>\n<p>L\u2019identit\u00e9 visuelle a \u00e9t\u00e9 enti\u00e8rement repens\u00e9e. Ainsi, pour ce nouveau logo, le travail s\u2019articule autour de la typographie afin de cr\u00e9er un univers propre au territoire. Elle est abord\u00e9e dans un esprit tr\u00e8s doux tout en rondeur. le M se transforme en \u00ab mont\u00ab , le O laisse deviner un soleil \u00e0 l\u2019horizon et le nom \u00e9tendu symbolisant l\u2019id\u00e9e des grands espaces. Ainsi c\u2019est un vrai paysage qui se dessine \u00e0 la lecture du logo. Le submark, v\u00e9ritable d\u00e9clinaison \u00e0 part enti\u00e8re, permet d\u2019adapter facilement l\u2019utilisation de l\u2019identit\u00e9 sur de nombreux supports. Le M et le V s\u2019imbriquent pour ainsi former un symbole unique \u00e0 double sens ou on devine un c\u0153ur.<\/p>\n<\/div><\/div>\n\n<div class=\"et_pb_divider_0 et_pb_divider et_pb_space et_pb_divider_position_top et_pb_module\"><div class=\"et_pb_divider_internal\"><\/div><\/div>\n<\/div>\n<\/div>\n\n<div class=\"et_pb_row_1 et_pb_row et_flex_row preset--module--divi-row--default\">\n<div class=\"et_pb_column_1 et_pb_column et-last-child et_flex_column et_pb_css_mix_blend_mode_passthrough et_flex_column_24_24 et_flex_column_24_24_tablet et_flex_column_24_24_phone preset--module--divi-column--default\">\n<div class=\"et_pb_text_2 et_pb_text et_pb_bg_layout_light et_pb_module et_flex_module preset--module--divi-text--9dt9unhizw\"><div class=\"et_pb_text_inner\"><p>Cat\u00e9gorie<\/p>\n<\/div>\n<div class=\"et_pb_text_3 et_pb_text et_pb_bg_layout_light et_pb_module et_flex_module preset--module--divi-text--ns2fbhh963\"><div class=\"et_pb_text_inner\"><p>Identit\u00e9 de marque | Web design<\/p>\n<\/div><\/div>\n<\/div>\n\n<div class=\"et_pb_text_4 et_pb_text et_pb_bg_layout_light et_pb_module et_flex_module preset--module--divi-text--9dt9unhizw\"><div class=\"et_pb_text_inner\"><p>Secteur<\/p>\n<\/div>\n<div class=\"et_pb_text_5 et_pb_text et_pb_bg_layout_light et_pb_module et_flex_module preset--module--divi-text--o9k33nlo14 preset--module--divi-text--jmmac4qp4c\"><div class=\"et_pb_text_inner\"><p>Tourisme<\/p>\n<\/div><\/div>\n<\/div>\n\n<div class=\"et_pb_text_6 et_pb_text et_pb_bg_layout_light et_pb_module et_flex_module preset--module--divi-text--9dt9unhizw\"><div class=\"et_pb_text_inner\"><p>\u2022 2021<\/p>\n<\/div><\/div>\n<\/div>\n<\/div>\n<\/div>\n\n<div class=\"et_pb_section_1 et_pb_section et_section_regular et_block_section section-bg-change2 preset--module--divi-section--default\">\n<div class=\"et_pb_row_2 et_pb_row et_block_row preset--module--divi-row--default\">\n<div class=\"et_pb_column_2 et_pb_column et-last-child et_flex_column et_pb_css_mix_blend_mode_passthrough et_flex_column_24_24 et_flex_column_24_24_tablet et_flex_column_24_24_phone preset--module--divi-column--default\">\n<div class=\"et_pb_video_0 et_pb_video et_pb_module et_flex_module\"><div class=\"et_pb_video_box\"><iframe loading=\"lazy\" title=\"LANCEMENT NOUVEAU NOM - MONTS ET VALLEES DE MEUSE\" width=\"1080\" height=\"608\" src=\"https:\/\/www.youtube.com\/embed\/rx9wRVz6-Ek?feature=oembed\"  allow=\"accelerometer; autoplay; clipboard-write; encrypted-media; gyroscope; picture-in-picture; web-share\" referrerpolicy=\"strict-origin-when-cross-origin\" allowfullscreen><\/iframe><\/div><\/div>\n\n<div class=\"et_pb_image_0 et_pb_image et_pb_module et_flex_module\"><span class=\"et_pb_image_wrap\"><img loading=\"lazy\" decoding=\"async\" src=\"https:\/\/www.juliendemeyere.fr\/wp-content\/uploads\/2022\/11\/gif_mvm.gif\" width=\"2000\" height=\"1000\" srcset=\"https:\/\/www.juliendemeyere.fr\/wp-content\/uploads\/2022\/11\/gif_mvm.gif 2000w\" sizes=\"(min-width: 0px) and (max-width: 480px) 480px, (min-width: 481px) and (max-width: 980px) 980px, (min-width: 981px) and (max-width: 1280px) 1280px, (min-width: 1281px) 2000px, 100vw\" class=\"wp-image-11626\" \/><\/span><\/div>\n\n<div class=\"et_pb_image_1 et_pb_image et_pb_module et_flex_module\"><span class=\"et_pb_image_wrap\"><img loading=\"lazy\" decoding=\"async\" src=\"https:\/\/www.juliendemeyere.fr\/wp-content\/uploads\/2021\/09\/monts-vallees-de-meuse-office-branding.jpg\" title=\"monts &#038; vall\u00e9es de meuse office branding\" width=\"1500\" height=\"1000\" srcset=\"https:\/\/www.juliendemeyere.fr\/wp-content\/uploads\/2021\/09\/monts-vallees-de-meuse-office-branding.jpg 1500w, https:\/\/www.juliendemeyere.fr\/wp-content\/uploads\/2021\/09\/monts-vallees-de-meuse-office-branding-1280x853.jpg 1280w, https:\/\/www.juliendemeyere.fr\/wp-content\/uploads\/2021\/09\/monts-vallees-de-meuse-office-branding-980x653.jpg 980w, https:\/\/www.juliendemeyere.fr\/wp-content\/uploads\/2021\/09\/monts-vallees-de-meuse-office-branding-480x320.jpg 480w\" sizes=\"(min-width: 0px) and (max-width: 480px) 480px, (min-width: 481px) and (max-width: 980px) 980px, (min-width: 981px) and (max-width: 1280px) 1280px, (min-width: 1281px) 1500px, 100vw\" class=\"wp-image-7776\" \/><\/span><\/div>\n\n<div class=\"et_pb_image_2 et_pb_image et_pb_module et_flex_module\"><span class=\"et_pb_image_wrap\"><img loading=\"lazy\" decoding=\"async\" src=\"https:\/\/www.juliendemeyere.fr\/wp-content\/uploads\/2021\/08\/depliant_mockup-copie.png\" width=\"2500\" height=\"1172\" srcset=\"https:\/\/www.juliendemeyere.fr\/wp-content\/uploads\/2021\/08\/depliant_mockup-copie.png 2500w, https:\/\/www.juliendemeyere.fr\/wp-content\/uploads\/2021\/08\/depliant_mockup-copie-1280x600.png 1280w, https:\/\/www.juliendemeyere.fr\/wp-content\/uploads\/2021\/08\/depliant_mockup-copie-980x459.png 980w, https:\/\/www.juliendemeyere.fr\/wp-content\/uploads\/2021\/08\/depliant_mockup-copie-480x225.png 480w\" sizes=\"(min-width: 0px) and (max-width: 480px) 480px, (min-width: 481px) and (max-width: 980px) 980px, (min-width: 981px) and (max-width: 1280px) 1280px, (min-width: 1281px) 2500px, 100vw\" class=\"wp-image-7419\" \/><\/span><\/div>\n\n<div class=\"et_pb_image_3 et_pb_image et_pb_module et_flex_module\"><span class=\"et_pb_image_wrap\"><img loading=\"lazy\" decoding=\"async\" src=\"https:\/\/www.juliendemeyere.fr\/wp-content\/uploads\/2021\/09\/tote-bag_mockup2.jpg\" width=\"2500\" height=\"1875\" srcset=\"https:\/\/www.juliendemeyere.fr\/wp-content\/uploads\/2021\/09\/tote-bag_mockup2.jpg 2500w, https:\/\/www.juliendemeyere.fr\/wp-content\/uploads\/2021\/09\/tote-bag_mockup2-1280x960.jpg 1280w, https:\/\/www.juliendemeyere.fr\/wp-content\/uploads\/2021\/09\/tote-bag_mockup2-980x735.jpg 980w, https:\/\/www.juliendemeyere.fr\/wp-content\/uploads\/2021\/09\/tote-bag_mockup2-480x360.jpg 480w\" sizes=\"(min-width: 0px) and (max-width: 480px) 480px, (min-width: 481px) and (max-width: 980px) 980px, (min-width: 981px) and (max-width: 1280px) 1280px, (min-width: 1281px) 2500px, 100vw\" class=\"wp-image-7752\" \/><\/span><\/div>\n\n<div class=\"et_pb_image_4 et_pb_image et_pb_module et_flex_module\"><span class=\"et_pb_image_wrap\"><img loading=\"lazy\" decoding=\"async\" src=\"https:\/\/www.juliendemeyere.fr\/wp-content\/uploads\/2021\/10\/map.png\" width=\"1844\" height=\"2000\" srcset=\"https:\/\/www.juliendemeyere.fr\/wp-content\/uploads\/2021\/10\/map.png 1844w, https:\/\/www.juliendemeyere.fr\/wp-content\/uploads\/2021\/10\/map-1280x1388.png 1280w, https:\/\/www.juliendemeyere.fr\/wp-content\/uploads\/2021\/10\/map-980x1063.png 980w, https:\/\/www.juliendemeyere.fr\/wp-content\/uploads\/2021\/10\/map-480x521.png 480w\" sizes=\"(min-width: 0px) and (max-width: 480px) 480px, (min-width: 481px) and (max-width: 980px) 980px, (min-width: 981px) and (max-width: 1280px) 1280px, (min-width: 1281px) 1844px, 100vw\" class=\"wp-image-8006\" \/><\/span><\/div>\n\n<div class=\"et_pb_image_5 et_pb_image et_pb_module et_flex_module\"><span class=\"et_pb_image_wrap\"><img loading=\"lazy\" decoding=\"async\" src=\"https:\/\/www.juliendemeyere.fr\/wp-content\/uploads\/2021\/09\/webdesign_mockup.jpg\" width=\"2500\" height=\"1367\" srcset=\"https:\/\/www.juliendemeyere.fr\/wp-content\/uploads\/2021\/09\/webdesign_mockup.jpg 2500w, https:\/\/www.juliendemeyere.fr\/wp-content\/uploads\/2021\/09\/webdesign_mockup-1280x700.jpg 1280w, https:\/\/www.juliendemeyere.fr\/wp-content\/uploads\/2021\/09\/webdesign_mockup-980x536.jpg 980w, https:\/\/www.juliendemeyere.fr\/wp-content\/uploads\/2021\/09\/webdesign_mockup-480x262.jpg 480w\" sizes=\"(min-width: 0px) and (max-width: 480px) 480px, (min-width: 481px) and (max-width: 980px) 980px, (min-width: 981px) and (max-width: 1280px) 1280px, (min-width: 1281px) 2500px, 100vw\" class=\"wp-image-7774\" \/><\/span><\/div>\n\n<div class=\"et_pb_image_6 et_pb_image et_pb_module et_flex_module\"><span class=\"et_pb_image_wrap\"><img loading=\"lazy\" decoding=\"async\" src=\"https:\/\/www.juliendemeyere.fr\/wp-content\/uploads\/2021\/09\/letter_mockup.jpg\" width=\"2500\" height=\"1667\" srcset=\"https:\/\/www.juliendemeyere.fr\/wp-content\/uploads\/2021\/09\/letter_mockup.jpg 2500w, https:\/\/www.juliendemeyere.fr\/wp-content\/uploads\/2021\/09\/letter_mockup-1280x854.jpg 1280w, https:\/\/www.juliendemeyere.fr\/wp-content\/uploads\/2021\/09\/letter_mockup-980x653.jpg 980w, https:\/\/www.juliendemeyere.fr\/wp-content\/uploads\/2021\/09\/letter_mockup-480x320.jpg 480w\" sizes=\"(min-width: 0px) and (max-width: 480px) 480px, (min-width: 481px) and (max-width: 980px) 980px, (min-width: 981px) and (max-width: 1280px) 1280px, (min-width: 1281px) 2500px, 100vw\" class=\"wp-image-7557\" \/><\/span><\/div>\n<\/div>\n<\/div>\n\n<div class=\"et_pb_row_3 et_pb_row et_block_row preset--module--divi-row--default\">\n<div class=\"et_pb_column_3 et_pb_column et-last-child et_flex_column et_pb_css_mix_blend_mode_passthrough et_flex_column_24_24 et_flex_column_24_24_tablet et_flex_column_24_24_phone preset--module--divi-column--default\">\n<div class=\"et_pb_divider_1 et_pb_divider_hidden et_pb_space et_pb_divider_position_top et_pb_module\"><div class=\"et_pb_divider_internal\"><\/div><\/div>\n\n<div class=\"et_pb_module et_pb_button_module_wrapper et_pb_button_0_wrapper preset--module--divi-button--default_wrapper\"><a class=\"et_pb_button_0 et_pb_button et_pb_bg_layout_light et_pb_module et_flex_module preset--module--divi-button--default\" href=\"https:\/\/www.juliendemeyere.fr\/en\/projets\/\">voir tous les projets<\/a><\/div>\n\n<div class=\"et_pb_divider_2 et_pb_divider_hidden et_pb_space et_pb_divider_position_top et_pb_module\"><div class=\"et_pb_divider_internal\"><\/div><\/div>\n<\/div>\n<\/div>\n<\/div>","protected":false},"excerpt":{"rendered":"","protected":false},"author":1,"featured_media":7776,"comment_status":"open","ping_status":"closed","template":"","meta":{"footnotes":""},"project_category":[27,29],"project_tag":[],"class_list":["post-7327","project","type-project","status-publish","has-post-thumbnail","hentry","project_category-identite-de-marque","project_category-web-design"],"_links":{"self":[{"href":"https:\/\/www.juliendemeyere.fr\/en\/wp-json\/wp\/v2\/project\/7327","targetHints":{"allow":["GET"]}}],"collection":[{"href":"https:\/\/www.juliendemeyere.fr\/en\/wp-json\/wp\/v2\/project"}],"about":[{"href":"https:\/\/www.juliendemeyere.fr\/en\/wp-json\/wp\/v2\/types\/project"}],"author":[{"embeddable":true,"href":"https:\/\/www.juliendemeyere.fr\/en\/wp-json\/wp\/v2\/users\/1"}],"replies":[{"embeddable":true,"href":"https:\/\/www.juliendemeyere.fr\/en\/wp-json\/wp\/v2\/comments?post=7327"}],"version-history":[{"count":67,"href":"https:\/\/www.juliendemeyere.fr\/en\/wp-json\/wp\/v2\/project\/7327\/revisions"}],"predecessor-version":[{"id":223878,"href":"https:\/\/www.juliendemeyere.fr\/en\/wp-json\/wp\/v2\/project\/7327\/revisions\/223878"}],"wp:featuredmedia":[{"embeddable":true,"href":"https:\/\/www.juliendemeyere.fr\/en\/wp-json\/wp\/v2\/media\/7776"}],"wp:attachment":[{"href":"https:\/\/www.juliendemeyere.fr\/en\/wp-json\/wp\/v2\/media?parent=7327"}],"wp:term":[{"taxonomy":"project_category","embeddable":true,"href":"https:\/\/www.juliendemeyere.fr\/en\/wp-json\/wp\/v2\/project_category?post=7327"},{"taxonomy":"project_tag","embeddable":true,"href":"https:\/\/www.juliendemeyere.fr\/en\/wp-json\/wp\/v2\/project_tag?post=7327"}],"curies":[{"name":"wp","href":"https:\/\/api.w.org\/{rel}","templated":true}]}}

Monts et Vallées de Meuse

<div class="et_pb_section_0 et_pb_section et_section_regular et_block_section preset--module--divi-section--default">
<div class="et_pb_row_0 et_pb_row et_flex_row preset--module--divi-row--default">
<div class="et_pb_column_0 et_pb_column et-last-child et_flex_column et_pb_css_mix_blend_mode_passthrough et_flex_column_24_24 et_flex_column_24_24_tablet et_flex_column_24_24_phone preset--module--divi-column--default">
<div class="et_pb_text_0 et_pb_text et_pb_bg_layout_light et_pb_module et_flex_module preset--module--divi-text--9dt9unhizw"><div class="et_pb_text_inner"><h2>Monts &amp; Vallées de Meuse : Authentique par nature</h2>
</div></div>

<div class="et_pb_text_1 et_pb_text et_pb_bg_layout_light et_pb_module et_flex_module preset--module--divi-text--9dt9unhizw"><div class="et_pb_text_inner"><p>Suite à la fusion entre le territoire du Pays de Stenay et celui du Val Dunois, l’office de tourisme se devait de faire évoluer son image. Une nouvelle stratégie de communication mûrement réfléchie, et une nouvelle appellation,<span> </span><a href="https://montsetvalleesdemeuse.com/" target="_blank" rel="noopener"><strong>Monts et Vallées de Meuse</strong></a>, ont été les fondations de cette identité visuelle. Cette vision assumée est renforcée avec un slogan qui se veut évocateur : « Authentique par nature ».</p>
<p>L’identité visuelle a été entièrement repensée. Ainsi, pour ce nouveau logo, le travail s’articule autour de la typographie afin de créer un univers propre au territoire. Elle est abordée dans un esprit très doux tout en rondeur. le M se transforme en « mont« , le O laisse deviner un soleil à l’horizon et le nom étendu symbolisant l’idée des grands espaces. Ainsi c’est un vrai paysage qui se dessine à la lecture du logo. Le submark, véritable déclinaison à part entière, permet d’adapter facilement l’utilisation de l’identité sur de nombreux supports. Le M et le V s’imbriquent pour ainsi former un symbole unique à double sens ou on devine un cœur.</p>
</div></div>

<div class="et_pb_divider_0 et_pb_divider et_pb_space et_pb_divider_position_top et_pb_module"><div class="et_pb_divider_internal"></div></div>
</div>
</div>

<div class="et_pb_row_1 et_pb_row et_flex_row preset--module--divi-row--default">
<div class="et_pb_column_1 et_pb_column et-last-child et_flex_column et_pb_css_mix_blend_mode_passthrough et_flex_column_24_24 et_flex_column_24_24_tablet et_flex_column_24_24_phone preset--module--divi-column--default">
<div class="et_pb_text_2 et_pb_text et_pb_bg_layout_light et_pb_module et_flex_module preset--module--divi-text--9dt9unhizw"><div class="et_pb_text_inner"><p>Catégorie</p>
</div>
<div class="et_pb_text_3 et_pb_text et_pb_bg_layout_light et_pb_module et_flex_module preset--module--divi-text--ns2fbhh963"><div class="et_pb_text_inner"><p>Identité de marque | Web design</p>
</div></div>
</div>

<div class="et_pb_text_4 et_pb_text et_pb_bg_layout_light et_pb_module et_flex_module preset--module--divi-text--9dt9unhizw"><div class="et_pb_text_inner"><p>Secteur</p>
</div>
<div class="et_pb_text_5 et_pb_text et_pb_bg_layout_light et_pb_module et_flex_module preset--module--divi-text--o9k33nlo14 preset--module--divi-text--jmmac4qp4c"><div class="et_pb_text_inner"><p>Tourisme</p>
</div></div>
</div>

<div class="et_pb_text_6 et_pb_text et_pb_bg_layout_light et_pb_module et_flex_module preset--module--divi-text--9dt9unhizw"><div class="et_pb_text_inner"><p>• 2021</p>
</div></div>
</div>
</div>
</div>

<div class="et_pb_section_1 et_pb_section et_section_regular et_block_section section-bg-change2 preset--module--divi-section--default">
<div class="et_pb_row_2 et_pb_row et_block_row preset--module--divi-row--default">
<div class="et_pb_column_2 et_pb_column et-last-child et_flex_column et_pb_css_mix_blend_mode_passthrough et_flex_column_24_24 et_flex_column_24_24_tablet et_flex_column_24_24_phone preset--module--divi-column--default">
<div class="et_pb_video_0 et_pb_video et_pb_module et_flex_module"><div class="et_pb_video_box"><iframe loading="lazy" title="LANCEMENT NOUVEAU NOM - MONTS ET VALLEES DE MEUSE" width="1080" height="608" src="https://www.youtube.com/embed/rx9wRVz6-Ek?feature=oembed"  allow="accelerometer; autoplay; clipboard-write; encrypted-media; gyroscope; picture-in-picture; web-share" referrerpolicy="strict-origin-when-cross-origin" allowfullscreen></iframe></div></div>

<div class="et_pb_image_0 et_pb_image et_pb_module et_flex_module"><span class="et_pb_image_wrap"><img loading="lazy" decoding="async" src="https://www.juliendemeyere.fr/wp-content/uploads/2022/11/gif_mvm.gif" width="2000" height="1000" srcset="https://www.juliendemeyere.fr/wp-content/uploads/2022/11/gif_mvm.gif 2000w" sizes="(min-width: 0px) and (max-width: 480px) 480px, (min-width: 481px) and (max-width: 980px) 980px, (min-width: 981px) and (max-width: 1280px) 1280px, (min-width: 1281px) 2000px, 100vw" class="wp-image-11626" /></span></div>

<div class="et_pb_image_1 et_pb_image et_pb_module et_flex_module"><span class="et_pb_image_wrap"><img loading="lazy" decoding="async" src="https://www.juliendemeyere.fr/wp-content/uploads/2021/09/monts-vallees-de-meuse-office-branding.jpg" title="monts &#038; vallées de meuse office branding" width="1500" height="1000" srcset="https://www.juliendemeyere.fr/wp-content/uploads/2021/09/monts-vallees-de-meuse-office-branding.jpg 1500w, https://www.juliendemeyere.fr/wp-content/uploads/2021/09/monts-vallees-de-meuse-office-branding-1280x853.jpg 1280w, https://www.juliendemeyere.fr/wp-content/uploads/2021/09/monts-vallees-de-meuse-office-branding-980x653.jpg 980w, https://www.juliendemeyere.fr/wp-content/uploads/2021/09/monts-vallees-de-meuse-office-branding-480x320.jpg 480w" sizes="(min-width: 0px) and (max-width: 480px) 480px, (min-width: 481px) and (max-width: 980px) 980px, (min-width: 981px) and (max-width: 1280px) 1280px, (min-width: 1281px) 1500px, 100vw" class="wp-image-7776" /></span></div>

<div class="et_pb_image_2 et_pb_image et_pb_module et_flex_module"><span class="et_pb_image_wrap"><img loading="lazy" decoding="async" src="https://www.juliendemeyere.fr/wp-content/uploads/2021/08/depliant_mockup-copie.png" width="2500" height="1172" srcset="https://www.juliendemeyere.fr/wp-content/uploads/2021/08/depliant_mockup-copie.png 2500w, https://www.juliendemeyere.fr/wp-content/uploads/2021/08/depliant_mockup-copie-1280x600.png 1280w, https://www.juliendemeyere.fr/wp-content/uploads/2021/08/depliant_mockup-copie-980x459.png 980w, https://www.juliendemeyere.fr/wp-content/uploads/2021/08/depliant_mockup-copie-480x225.png 480w" sizes="(min-width: 0px) and (max-width: 480px) 480px, (min-width: 481px) and (max-width: 980px) 980px, (min-width: 981px) and (max-width: 1280px) 1280px, (min-width: 1281px) 2500px, 100vw" class="wp-image-7419" /></span></div>

<div class="et_pb_image_3 et_pb_image et_pb_module et_flex_module"><span class="et_pb_image_wrap"><img loading="lazy" decoding="async" src="https://www.juliendemeyere.fr/wp-content/uploads/2021/09/tote-bag_mockup2.jpg" width="2500" height="1875" srcset="https://www.juliendemeyere.fr/wp-content/uploads/2021/09/tote-bag_mockup2.jpg 2500w, https://www.juliendemeyere.fr/wp-content/uploads/2021/09/tote-bag_mockup2-1280x960.jpg 1280w, https://www.juliendemeyere.fr/wp-content/uploads/2021/09/tote-bag_mockup2-980x735.jpg 980w, https://www.juliendemeyere.fr/wp-content/uploads/2021/09/tote-bag_mockup2-480x360.jpg 480w" sizes="(min-width: 0px) and (max-width: 480px) 480px, (min-width: 481px) and (max-width: 980px) 980px, (min-width: 981px) and (max-width: 1280px) 1280px, (min-width: 1281px) 2500px, 100vw" class="wp-image-7752" /></span></div>

<div class="et_pb_image_4 et_pb_image et_pb_module et_flex_module"><span class="et_pb_image_wrap"><img loading="lazy" decoding="async" src="https://www.juliendemeyere.fr/wp-content/uploads/2021/10/map.png" width="1844" height="2000" srcset="https://www.juliendemeyere.fr/wp-content/uploads/2021/10/map.png 1844w, https://www.juliendemeyere.fr/wp-content/uploads/2021/10/map-1280x1388.png 1280w, https://www.juliendemeyere.fr/wp-content/uploads/2021/10/map-980x1063.png 980w, https://www.juliendemeyere.fr/wp-content/uploads/2021/10/map-480x521.png 480w" sizes="(min-width: 0px) and (max-width: 480px) 480px, (min-width: 481px) and (max-width: 980px) 980px, (min-width: 981px) and (max-width: 1280px) 1280px, (min-width: 1281px) 1844px, 100vw" class="wp-image-8006" /></span></div>

<div class="et_pb_image_5 et_pb_image et_pb_module et_flex_module"><span class="et_pb_image_wrap"><img loading="lazy" decoding="async" src="https://www.juliendemeyere.fr/wp-content/uploads/2021/09/webdesign_mockup.jpg" width="2500" height="1367" srcset="https://www.juliendemeyere.fr/wp-content/uploads/2021/09/webdesign_mockup.jpg 2500w, https://www.juliendemeyere.fr/wp-content/uploads/2021/09/webdesign_mockup-1280x700.jpg 1280w, https://www.juliendemeyere.fr/wp-content/uploads/2021/09/webdesign_mockup-980x536.jpg 980w, https://www.juliendemeyere.fr/wp-content/uploads/2021/09/webdesign_mockup-480x262.jpg 480w" sizes="(min-width: 0px) and (max-width: 480px) 480px, (min-width: 481px) and (max-width: 980px) 980px, (min-width: 981px) and (max-width: 1280px) 1280px, (min-width: 1281px) 2500px, 100vw" class="wp-image-7774" /></span></div>

<div class="et_pb_image_6 et_pb_image et_pb_module et_flex_module"><span class="et_pb_image_wrap"><img loading="lazy" decoding="async" src="https://www.juliendemeyere.fr/wp-content/uploads/2021/09/letter_mockup.jpg" width="2500" height="1667" srcset="https://www.juliendemeyere.fr/wp-content/uploads/2021/09/letter_mockup.jpg 2500w, https://www.juliendemeyere.fr/wp-content/uploads/2021/09/letter_mockup-1280x854.jpg 1280w, https://www.juliendemeyere.fr/wp-content/uploads/2021/09/letter_mockup-980x653.jpg 980w, https://www.juliendemeyere.fr/wp-content/uploads/2021/09/letter_mockup-480x320.jpg 480w" sizes="(min-width: 0px) and (max-width: 480px) 480px, (min-width: 481px) and (max-width: 980px) 980px, (min-width: 981px) and (max-width: 1280px) 1280px, (min-width: 1281px) 2500px, 100vw" class="wp-image-7557" /></span></div>
</div>
</div>

<div class="et_pb_row_3 et_pb_row et_block_row preset--module--divi-row--default">
<div class="et_pb_column_3 et_pb_column et-last-child et_flex_column et_pb_css_mix_blend_mode_passthrough et_flex_column_24_24 et_flex_column_24_24_tablet et_flex_column_24_24_phone preset--module--divi-column--default">
<div class="et_pb_divider_1 et_pb_divider_hidden et_pb_space et_pb_divider_position_top et_pb_module"><div class="et_pb_divider_internal"></div></div>

<div class="et_pb_module et_pb_button_module_wrapper et_pb_button_0_wrapper preset--module--divi-button--default_wrapper"><a class="et_pb_button_0 et_pb_button et_pb_bg_layout_light et_pb_module et_flex_module preset--module--divi-button--default" href="https://www.juliendemeyere.fr/en/projets/">voir tous les projets</a></div>

<div class="et_pb_divider_2 et_pb_divider_hidden et_pb_space et_pb_divider_position_top et_pb_module"><div class="et_pb_divider_internal"></div></div>
</div>
</div>
</div>
