{"id":1509,"date":"2019-01-04T12:32:44","date_gmt":"2019-01-04T11:32:44","guid":{"rendered":"https:\/\/www.juliendemeyere.fr\/?page_id=1509"},"modified":"2025-12-06T08:54:15","modified_gmt":"2025-12-06T07:54:15","slug":"cgv","status":"publish","type":"page","link":"https:\/\/www.juliendemeyere.fr\/en\/cgv\/","title":{"rendered":"CGV"},"content":{"rendered":"<div class=\"et_pb_section_0 et_pb_section et_section_regular et_block_section preset--module--divi-section--default\">\n<div class=\"et_pb_row_0 et_pb_row et_block_row preset--module--divi-row--default\">\n<div class=\"et_pb_column_0 et_pb_column et-last-child et_flex_column et_pb_css_mix_blend_mode_passthrough et_flex_column_24_24 et_flex_column_24_24_tablet et_flex_column_24_24_phone preset--module--divi-column--default\">\n<div class=\"et_pb_text_0 et_pb_text et_pb_bg_layout_light et_pb_module et_flex_module preset--group--divi-text--divi-font-header--h1y3ko5--default preset--module--divi-text--default\"><div class=\"et_pb_text_inner\"><h2>Conditions g\u00e9n\u00e9rales de ventes<\/h2>\n<\/div><\/div>\n<\/div>\n<\/div>\n\n<div class=\"et_pb_row_1 et_pb_row et_block_row preset--module--divi-row--default\">\n<div class=\"et_pb_column_1 et_pb_column et-last-child et_flex_column et_pb_css_mix_blend_mode_passthrough et_flex_column_24_24 et_flex_column_24_24_tablet et_flex_column_24_24_phone preset--module--divi-column--default\">\n<div class=\"et_pb_text_1 et_pb_text et_pb_bg_layout_light et_pb_module et_flex_module preset--group--divi-text--divi-font-header--h1y3ko5--default preset--module--divi-text--default\"><div class=\"et_pb_text_inner\"><p>1. La prestation comprend tout ce qui est explicitement list\u00e9 dans le champ \u00ab Description de la prestation \u00bb. De fa\u00e7on corollaire, elle ne comprend pas ce qui n\u2019est pas explicit\u00e9 dans ce m\u00eame champ.<\/p>\n<p>2. Un acompte de 30% sera demand\u00e9 suite \u00e0 la signature du devis. Sauf d\u00e9lai de paiement suppl\u00e9mentaire convenu par accord entre les deux parties et figurant sur la facture, le paiement s\u2019effectue au plus tard au 30e jour suivant la date de facturation (C. Com. art. L. 441-6, al. 2 modifi\u00e9 de la loi du 15 mai 2001). Tout retard de paiement pourra donner lieu \u00e0 des p\u00e9nalit\u00e9s de retard exigibles sans rappel, au taux de 10 % de la facture totale par mois de retard (lutte contre les retards de paiement\/article 53 de la loi NRE), ainsi qu\u2019\u00e0 une indemnit\u00e9 forfaitaire de 40\u20ac (C. Com. art. D441-5). Paiements par virement bancaire ou par ch\u00e8que \u00e0 l\u2019ordre de \u00ab Julien De Mey\u00e8re \u00bb. Pas d\u2019escompte en cas de paiement anticip\u00e9.<\/p>\n<p>3. Toute annulation de commande pour quelque cause que ce soit, entra\u00eenera l\u2019exigibilit\u00e9 de dommages et int\u00e9r\u00eats correspondant \u00e0 50% du montant total du devis sign\u00e9 et ce , m\u00eame si le travail n\u2019as pas \u00e9t\u00e9 commenc\u00e9. Les \u00e9l\u00e9ments graphiques d\u00e9j\u00e0 r\u00e9alis\u00e9s devront \u00eatre r\u00e9gl\u00e9s. En tout \u00e9tat de cause, quelle que soit la date d\u2019annulation de la commande, les acomptes d\u00e9j\u00e0 vers\u00e9s resteront la propri\u00e9t\u00e9 du prestataire.<\/p>\n<p>4. Conform\u00e9ment au CPI (articles L. 121-1 \u00e0 L. 121-9) ne seront c\u00e9d\u00e9s au client pour l\u2019\u0153uvre d\u00e9crite que les droits patrimoniaux explicitement \u00e9nonc\u00e9s dans les conditions de cession, \u00e0 l\u2019exclusion de tout autre, et ce, dans les limites y figurant \u00e9galement. Il est rappel\u00e9 que le droit moral d\u2019une cr\u00e9ation (comprenant entre autres droit au respect de l\u2019\u0153uvre et droit au respect du nom) reste attach\u00e9 \u00e0 son auteur de mani\u00e8re perp\u00e9tuelle et imprescriptible. Toute repr\u00e9sentation ou reproduction int\u00e9grale ou partielle faite sans le consentement de l\u2019auteur ou de ses ayants droit est illicite, et punie selon les lois relatives au d\u00e9lit de contrefa\u00e7on. Il en est de m\u00eame pour la traduction, l\u2019adaptation ou la transformation, l\u2019arrangement ou la reproduction par un art ou un proc\u00e9d\u00e9 quelconque (art. L. 122-4 du CPI).<\/p>\n<p>5. La totalit\u00e9 de la production et des droits s\u2019y rapportant, objet de la pr\u00e9sente commande, demeure la propri\u00e9t\u00e9 enti\u00e8re et exclusive de Julien De Mey\u00e8re tant que les factures \u00e9mises par Julien De Mey\u00e8re ne sont pas pay\u00e9es en totalit\u00e9 par la soci\u00e9t\u00e9 cliente, \u00e0 concurrence du montant global de la commande et des avenants \u00e9ventuels conclus en cours de prestation. De fa\u00e7on corollaire, la soci\u00e9t\u00e9 cliente deviendra propri\u00e9taire de fait des droits c\u00e9d\u00e9s \u00e0 compter du r\u00e8glement final et soldant de toutes les factures \u00e9mises par Julien De Mey\u00e8re dans le cadre de la commande.<\/p>\n<p>6. La livraison \u00e9ventuelle des sources ou fichiers de travail relatifs \u00e0 la pr\u00e9sente commande ne se fera qu\u2019en cas de n\u00e9cessit\u00e9 induite par la stricte exploitation de l\u2019\u0153uvre pr\u00e9vue dans les conditions de cession ou dans un avenant ult\u00e9rieur.<\/p>\n<p>7. Julien De Mey\u00e8re se r\u00e9serve le droit de mentionner sa r\u00e9alisation pour la soci\u00e9t\u00e9 cliente comme r\u00e9f\u00e9rence et de citer des extraits textuels ou iconographiques des \u0153uvres concern\u00e9es dans le strict cadre de ses d\u00e9marches de prospection commerciale, de communication externe et de publicit\u00e9. Toute r\u00e9serve au droit de publicit\u00e9 de Julien De Mey\u00e8re devra \u00eatre notifi\u00e9e et n\u00e9goci\u00e9e avant la signature du devis et mentionn\u00e9e sur la facture.<\/p>\n<p>8. La soci\u00e9t\u00e9 cliente assume pleine et enti\u00e8re responsabilit\u00e9 des choix r\u00e9alis\u00e9s en mati\u00e8re de contenus textuels et iconographiques figurant dans la r\u00e9alisation livr\u00e9e par Julien De Mey\u00e8re, tout comme de l\u2019exploitation qui en sera faite, et notamment de la conformit\u00e9 de cette derni\u00e8re avec les r\u00e9glementations en vigueur. Elle assure \u00e9galement \u00eatre propri\u00e9taire des droits n\u00e9cessaires \u00e0 l\u2019exploitation de tous les \u00e9l\u00e9ments cr\u00e9atifs textuels et iconographiques fournis par elle \u00e0 Julien De Mey\u00e8re dans le cadre de sa mission, et garantit Julien De Mey\u00e8re contre toute plainte tierce relative \u00e0 la violation des droits de ces \u00e9l\u00e9ments.<\/p>\n<p>9. comp\u00e9tence juridictionnelle : tous les litiges d\u00e9coulant des prestations de services fournies par Julien De Mey\u00e8re seront soumis au tribunal de commerce de Briey, ce qui est express\u00e9ment accept\u00e9 par le client.<\/p>\n<p>\u00a0<\/p>\n<\/div><\/div>\n\n<div class=\"et_pb_module et_pb_button_module_wrapper et_pb_button_0_wrapper preset--module--divi-button--3011f13d-ac1d-4054-9de8-b8ae133760e6_wrapper preset--module--divi-button--default_wrapper\"><a class=\"et_pb_button_0 et_pb_button et_pb_bg_layout_light et_pb_module et_flex_module preset--module--divi-button--3011f13d-ac1d-4054-9de8-b8ae133760e6 preset--module--divi-button--default\" href=\"https:\/\/www.juliendemeyere.fr\/en\/\">(Retourner \u00e0 l&#039;accueil)<\/a><\/div>\n<\/div>\n<\/div>\n<\/div>","protected":false},"excerpt":{"rendered":"","protected":false},"author":1,"featured_media":0,"parent":0,"menu_order":0,"comment_status":"closed","ping_status":"closed","template":"","meta":{"footnotes":""},"class_list":["post-1509","page","type-page","status-publish","hentry"],"_links":{"self":[{"href":"https:\/\/www.juliendemeyere.fr\/en\/wp-json\/wp\/v2\/pages\/1509","targetHints":{"allow":["GET"]}}],"collection":[{"href":"https:\/\/www.juliendemeyere.fr\/en\/wp-json\/wp\/v2\/pages"}],"about":[{"href":"https:\/\/www.juliendemeyere.fr\/en\/wp-json\/wp\/v2\/types\/page"}],"author":[{"embeddable":true,"href":"https:\/\/www.juliendemeyere.fr\/en\/wp-json\/wp\/v2\/users\/1"}],"replies":[{"embeddable":true,"href":"https:\/\/www.juliendemeyere.fr\/en\/wp-json\/wp\/v2\/comments?post=1509"}],"version-history":[{"count":57,"href":"https:\/\/www.juliendemeyere.fr\/en\/wp-json\/wp\/v2\/pages\/1509\/revisions"}],"predecessor-version":[{"id":224283,"href":"https:\/\/www.juliendemeyere.fr\/en\/wp-json\/wp\/v2\/pages\/1509\/revisions\/224283"}],"wp:attachment":[{"href":"https:\/\/www.juliendemeyere.fr\/en\/wp-json\/wp\/v2\/media?parent=1509"}],"curies":[{"name":"wp","href":"https:\/\/api.w.org\/{rel}","templated":true}]}}

<div class="et_pb_section_0 et_pb_section et_section_regular et_block_section preset--module--divi-section--default">
<div class="et_pb_row_0 et_pb_row et_block_row preset--module--divi-row--default">
<div class="et_pb_column_0 et_pb_column et-last-child et_flex_column et_pb_css_mix_blend_mode_passthrough et_flex_column_24_24 et_flex_column_24_24_tablet et_flex_column_24_24_phone preset--module--divi-column--default">
<div class="et_pb_text_0 et_pb_text et_pb_bg_layout_light et_pb_module et_flex_module preset--group--divi-text--divi-font-header--h1y3ko5--default preset--module--divi-text--default"><div class="et_pb_text_inner"><h2>Conditions générales de ventes</h2>
</div></div>
</div>
</div>

<div class="et_pb_row_1 et_pb_row et_block_row preset--module--divi-row--default">
<div class="et_pb_column_1 et_pb_column et-last-child et_flex_column et_pb_css_mix_blend_mode_passthrough et_flex_column_24_24 et_flex_column_24_24_tablet et_flex_column_24_24_phone preset--module--divi-column--default">
<div class="et_pb_text_1 et_pb_text et_pb_bg_layout_light et_pb_module et_flex_module preset--group--divi-text--divi-font-header--h1y3ko5--default preset--module--divi-text--default"><div class="et_pb_text_inner"><p>1. La prestation comprend tout ce qui est explicitement listé dans le champ « Description de la prestation ». De façon corollaire, elle ne comprend pas ce qui n’est pas explicité dans ce même champ.</p>
<p>2. Un acompte de 30% sera demandé suite à la signature du devis. Sauf délai de paiement supplémentaire convenu par accord entre les deux parties et figurant sur la facture, le paiement s’effectue au plus tard au 30e jour suivant la date de facturation (C. Com. art. L. 441-6, al. 2 modifié de la loi du 15 mai 2001). Tout retard de paiement pourra donner lieu à des pénalités de retard exigibles sans rappel, au taux de 10 % de la facture totale par mois de retard (lutte contre les retards de paiement/article 53 de la loi NRE), ainsi qu’à une indemnité forfaitaire de 40€ (C. Com. art. D441-5). Paiements par virement bancaire ou par chèque à l’ordre de « Julien De Meyère ». Pas d’escompte en cas de paiement anticipé.</p>
<p>3. Toute annulation de commande pour quelque cause que ce soit, entraînera l’exigibilité de dommages et intérêts correspondant à 50% du montant total du devis signé et ce , même si le travail n’as pas été commencé. Les éléments graphiques déjà réalisés devront être réglés. En tout état de cause, quelle que soit la date d’annulation de la commande, les acomptes déjà versés resteront la propriété du prestataire.</p>
<p>4. Conformément au CPI (articles L. 121-1 à L. 121-9) ne seront cédés au client pour l’œuvre décrite que les droits patrimoniaux explicitement énoncés dans les conditions de cession, à l’exclusion de tout autre, et ce, dans les limites y figurant également. Il est rappelé que le droit moral d’une création (comprenant entre autres droit au respect de l’œuvre et droit au respect du nom) reste attaché à son auteur de manière perpétuelle et imprescriptible. Toute représentation ou reproduction intégrale ou partielle faite sans le consentement de l’auteur ou de ses ayants droit est illicite, et punie selon les lois relatives au délit de contrefaçon. Il en est de même pour la traduction, l’adaptation ou la transformation, l’arrangement ou la reproduction par un art ou un procédé quelconque (art. L. 122-4 du CPI).</p>
<p>5. La totalité de la production et des droits s’y rapportant, objet de la présente commande, demeure la propriété entière et exclusive de Julien De Meyère tant que les factures émises par Julien De Meyère ne sont pas payées en totalité par la société cliente, à concurrence du montant global de la commande et des avenants éventuels conclus en cours de prestation. De façon corollaire, la société cliente deviendra propriétaire de fait des droits cédés à compter du règlement final et soldant de toutes les factures émises par Julien De Meyère dans le cadre de la commande.</p>
<p>6. La livraison éventuelle des sources ou fichiers de travail relatifs à la présente commande ne se fera qu’en cas de nécessité induite par la stricte exploitation de l’œuvre prévue dans les conditions de cession ou dans un avenant ultérieur.</p>
<p>7. Julien De Meyère se réserve le droit de mentionner sa réalisation pour la société cliente comme référence et de citer des extraits textuels ou iconographiques des œuvres concernées dans le strict cadre de ses démarches de prospection commerciale, de communication externe et de publicité. Toute réserve au droit de publicité de Julien De Meyère devra être notifiée et négociée avant la signature du devis et mentionnée sur la facture.</p>
<p>8. La société cliente assume pleine et entière responsabilité des choix réalisés en matière de contenus textuels et iconographiques figurant dans la réalisation livrée par Julien De Meyère, tout comme de l’exploitation qui en sera faite, et notamment de la conformité de cette dernière avec les réglementations en vigueur. Elle assure également être propriétaire des droits nécessaires à l’exploitation de tous les éléments créatifs textuels et iconographiques fournis par elle à Julien De Meyère dans le cadre de sa mission, et garantit Julien De Meyère contre toute plainte tierce relative à la violation des droits de ces éléments.</p>
<p>9. compétence juridictionnelle : tous les litiges découlant des prestations de services fournies par Julien De Meyère seront soumis au tribunal de commerce de Briey, ce qui est expressément accepté par le client.</p>
<p> </p>
</div></div>

<div class="et_pb_module et_pb_button_module_wrapper et_pb_button_0_wrapper preset--module--divi-button--3011f13d-ac1d-4054-9de8-b8ae133760e6_wrapper preset--module--divi-button--default_wrapper"><a class="et_pb_button_0 et_pb_button et_pb_bg_layout_light et_pb_module et_flex_module preset--module--divi-button--3011f13d-ac1d-4054-9de8-b8ae133760e6 preset--module--divi-button--default" href="https://www.juliendemeyere.fr/en/">(Retourner à l&#039;accueil)</a></div>
</div>
</div>
</div>
